{"id":468,"date":"2025-12-28T14:04:08","date_gmt":"2025-12-28T14:04:08","guid":{"rendered":"https:\/\/helpdesk.wsnes.de\/?page_id=468"},"modified":"2026-02-09T12:47:54","modified_gmt":"2026-02-09T12:47:54","slug":"problemloesen-handhaben-programmieren","status":"publish","type":"page","link":"https:\/\/helpdesk.wsnes.de\/?page_id=468","title":{"rendered":"Probleml\u00f6sen, handhaben &amp; programmieren"},"content":{"rendered":"<ul class=\"wp-block-latest-posts__list is-grid columns-3 wp-block-latest-posts\"><li><div class=\"wp-block-latest-posts__featured-image\"><img loading=\"lazy\" decoding=\"async\" width=\"150\" height=\"148\" src=\"https:\/\/helpdesk.wsnes.de\/wp-content\/uploads\/2025\/12\/Unknown-150x148.jpeg\" class=\"attachment-thumbnail size-thumbnail wp-post-image\" alt=\"\" style=\"\" \/><\/div><a class=\"wp-block-latest-posts__post-title\" href=\"https:\/\/helpdesk.wsnes.de\/?p=478\">Book Creator<\/a><div class=\"wp-block-latest-posts__post-excerpt\">Book Creator ist eine webbasierte Anwendung zur Erstellung digitaler B\u00fccher. Inhalte werden seitenweise angelegt und k\u00f6nnen Texte, Bilder, Audioaufnahmen, Videos und Zeichnungen enthalten. Die Nutzung erfolgt \u00fcber einen Webbrowser<\/div><\/li>\n<li><div class=\"wp-block-latest-posts__featured-image\"><img loading=\"lazy\" decoding=\"async\" width=\"150\" height=\"150\" src=\"https:\/\/helpdesk.wsnes.de\/wp-content\/uploads\/2026\/02\/unnamed-150x150.png\" class=\"attachment-thumbnail size-thumbnail wp-post-image\" alt=\"\" style=\"\" srcset=\"https:\/\/helpdesk.wsnes.de\/wp-content\/uploads\/2026\/02\/unnamed-150x150.png 150w, https:\/\/helpdesk.wsnes.de\/wp-content\/uploads\/2026\/02\/unnamed-300x300.png 300w, https:\/\/helpdesk.wsnes.de\/wp-content\/uploads\/2026\/02\/unnamed.png 512w\" sizes=\"auto, (max-width: 150px) 100vw, 150px\" \/><\/div><a class=\"wp-block-latest-posts__post-title\" href=\"https:\/\/helpdesk.wsnes.de\/?p=560\">Lego Spike Education: Programmierung und Robotik<\/a><div class=\"wp-block-latest-posts__post-excerpt\">LEGO SPIKE ist ein System zur Programmierung von Robotern. Die App kombiniert grafische oder textbasierte Befehle mit Hardware-Steuerung, um technische und logische Abl\u00e4ufe abzubilden.<\/div><\/li>\n<li><div class=\"wp-block-latest-posts__featured-image\"><img loading=\"lazy\" decoding=\"async\" width=\"150\" height=\"150\" src=\"https:\/\/helpdesk.wsnes.de\/wp-content\/uploads\/2026\/02\/fittosize_1200_0_3403be52dc73b287b2043f7fc02f45c5_telli-logo2-150x150.png\" class=\"attachment-thumbnail size-thumbnail wp-post-image\" alt=\"\" style=\"\" \/><\/div><a class=\"wp-block-latest-posts__post-title\" href=\"https:\/\/helpdesk.wsnes.de\/?p=536\">Telli (Chatbot f\u00fcr die Schule)<\/a><div class=\"wp-block-latest-posts__post-excerpt\">telli ist der offizielle KI-Chatbot f\u00fcr bayerische Schulen, der einen sicheren und datenschutzkonformen Zugang zu modernen Sprachmodellen bietet. Lehrkr\u00e4fte k\u00f6nnen gezielte Lernszenarien per Link f\u00fcr ihre Klassen freigeben, ohne dass Sch\u00fclerinnen und Sch\u00fcler eigene Accounts ben\u00f6tigen.<\/div><\/li>\n<\/ul>","protected":false},"excerpt":{"rendered":"","protected":false},"author":1,"featured_media":0,"parent":0,"menu_order":0,"comment_status":"closed","ping_status":"closed","template":"","meta":{"site-sidebar-layout":"default","site-content-layout":"","ast-site-content-layout":"default","site-content-style":"default","site-sidebar-style":"default","ast-global-header-display":"","ast-banner-title-visibility":"","ast-main-header-display":"","ast-hfb-above-header-display":"","ast-hfb-below-header-display":"","ast-hfb-mobile-header-display":"","site-post-title":"","ast-breadcrumbs-content":"","ast-featured-img":"","footer-sml-layout":"","ast-disable-related-posts":"","theme-transparent-header-meta":"","adv-header-id-meta":"","stick-header-meta":"","header-above-stick-meta":"","header-main-stick-meta":"","header-below-stick-meta":"","astra-migrate-meta-layouts":"default","ast-page-background-enabled":"default","ast-page-background-meta":{"desktop":{"background-color":"var(--ast-global-color-5)","background-image":"","background-repeat":"repeat","background-position":"center center","background-size":"auto","background-attachment":"scroll","background-type":"","background-media":"","overlay-type":"","overlay-color":"","overlay-opacity":"","overlay-gradient":""},"tablet":{"background-color":"","background-image":"","background-repeat":"repeat","background-position":"center center","background-size":"auto","background-attachment":"scroll","background-type":"","background-media":"","overlay-type":"","overlay-color":"","overlay-opacity":"","overlay-gradient":""},"mobile":{"background-color":"","background-image":"","background-repeat":"repeat","background-position":"center center","background-size":"auto","background-attachment":"scroll","background-type":"","background-media":"","overlay-type":"","overlay-color":"","overlay-opacity":"","overlay-gradient":""}},"ast-content-background-meta":{"desktop":{"background-color":"var(--ast-global-color-4)","background-image":"","background-repeat":"repeat","background-position":"center center","background-size":"auto","background-attachment":"scroll","background-type":"","background-media":"","overlay-type":"","overlay-color":"","overlay-opacity":"","overlay-gradient":""},"tablet":{"background-color":"var(--ast-global-color-4)","background-image":"","background-repeat":"repeat","background-position":"center center","background-size":"auto","background-attachment":"scroll","background-type":"","background-media":"","overlay-type":"","overlay-color":"","overlay-opacity":"","overlay-gradient":""},"mobile":{"background-color":"var(--ast-global-color-4)","background-image":"","background-repeat":"repeat","background-position":"center center","background-size":"auto","background-attachment":"scroll","background-type":"","background-media":"","overlay-type":"","overlay-color":"","overlay-opacity":"","overlay-gradient":""}},"footnotes":""},"class_list":["post-468","page","type-page","status-publish","hentry"],"_links":{"self":[{"href":"https:\/\/helpdesk.wsnes.de\/index.php?rest_route=\/wp\/v2\/pages\/468","targetHints":{"allow":["GET"]}}],"collection":[{"href":"https:\/\/helpdesk.wsnes.de\/index.php?rest_route=\/wp\/v2\/pages"}],"about":[{"href":"https:\/\/helpdesk.wsnes.de\/index.php?rest_route=\/wp\/v2\/types\/page"}],"author":[{"embeddable":true,"href":"https:\/\/helpdesk.wsnes.de\/index.php?rest_route=\/wp\/v2\/users\/1"}],"replies":[{"embeddable":true,"href":"https:\/\/helpdesk.wsnes.de\/index.php?rest_route=%2Fwp%2Fv2%2Fcomments&post=468"}],"version-history":[{"count":2,"href":"https:\/\/helpdesk.wsnes.de\/index.php?rest_route=\/wp\/v2\/pages\/468\/revisions"}],"predecessor-version":[{"id":602,"href":"https:\/\/helpdesk.wsnes.de\/index.php?rest_route=\/wp\/v2\/pages\/468\/revisions\/602"}],"wp:attachment":[{"href":"https:\/\/helpdesk.wsnes.de\/index.php?rest_route=%2Fwp%2Fv2%2Fmedia&parent=468"}],"curies":[{"name":"wp","href":"https:\/\/api.w.org\/{rel}","templated":true}]}}